rivative of w(r). Give k(5).
-12
Let p(v) = -v**2 - 17*v - 64. Let r be p(-12). Let j(z) = 14 + 17 - 3*z**2 - z**3 - z**2 - 23 + 2*z. Calculate j(r).
0
Let d(c) = 13*c + 48. Let r = 12981 + -12985. Calculate d(r).
-4
Let h(m) = -2*m - 55*m**2 - 2*m**3 - 57*m**2 + 123*m**2 - 35 - 39*m**2 - m. Give h(-14).
7
Let u = 3323/9960 + -27/83. Let m(i) be the third derivative of u*i**6 + 21*i**2 + 0*i + 0 - 11/6*i**3 - 3/20*i**5 + 1/24*i**4. Determine m(9).
-2
Let s(q) = -q**3 - 7*q**2 + 7*q + 13. Let j be s(-8). Let x be (2 - (-45)/(-35)) + 6/j. Let y(v) = 19*v. Give y(x).
19
Let y(m) = -4*m + 31. Let w be 158/14 - 2 - 26/91. Let t be y(w). Let i be (-1 - t) + (-24)/3. Let r(s) = -2*s + 1. What is r(i)?
9
Let t(x) = -x - 3. Let w = 11 - 25. Let l = 1611 + -1603. Let v = w + l. Determine t(v).
3
Let c = -261 - -260. Let a be (-6 - -9) + 5 + c. Let u(g) = -3*g + 8. Give u(a).
-13
Suppose 1552 - 1555 = t + 2*g, -3*g - 18 = -3*t. Let u(l) be the first derivative of 1/3*l**3 + 6*l + t*l**2 + 13. Determine u(-5).
1
Let s(r) = r**2 - r - 3. Suppose -20 = -5*b + 5*t, -5*b - 4*t + 17 = -6*t. Suppose w = 4*z - 8*z + 11, -b*w = -2*z + 9. What is s(z)?
3
Let n(i) be the third derivative of -22*i**2 + 1/60*i**5 - 3/2*i**3 + 7/24*i**4 + 0 + 0*i. Let p(s) = -s**3 - 11*s**2 + s + 3. Let x be p(-11). Determine n(x).
-1
Let u(c) = c**2 + 1. Let k(h) = h**3 - 8*h**2 + 14*h - 9. Let q(i) = k(i) - 4*u(i). Let t be q(11). Let v(r) = 14*r + 0 - t*r - 3 + r**2 - 5. Give v(7).
-1
Let n(h) be the third derivative of 0 - 1/6*h**5 - 5/12*h**4 - 2/3*h**3 + 0*h + 42*h**2 - 1/120*h**6. What is n(-9)?
5
Let m(z) be the second derivative of z**3/6 + 27*z**2/2 + 40*z + 2. Give m(0).
27
Let i(x) be the first derivative of -x**3/3 - x**2/2 - 5*x - 1. Let p = 137 - 7. Suppose 0 = -26*h - p - 0. Calculate i(h).
-25
Let h(n) = -n**2 - 10*n + 3. Suppose -183*t = -22*t + 194*t + 3905. What is h(t)?
-8
Let q = 2114 - 1118. Let f(m) = 6 + 0 + 1000*m - 4 + m**2 - q*m. Calculate f(-2).
-2
Let u(a) = -43 + 7*a - 98 + 23 + 235. What is u(0)?
117
Let h(d) be the third derivative of -15*d**2 + 0 + 1/15*d**5 - 1/4*d**4 + 0*d - 5/2*d**3 - 1/360*d**6. Let r(n) be the first derivative of h(n). What is r(5)?
9
Let h(z) = 12*z**2 - 31*z - 44. Let b be h(4). Let x(r) = -r**2 + 21*r + 47. Give x(b).
-25
Let v be (-1 + 1 + -1)*1. Let o(n) = 36*n - 423. Let p be o(16). Let m(q) = q**2 - 72*q + p*q - 80*q. Determine m(v).
0
Let o(w) = w**3 + 11*w**2 + 2*w + 18. Let q be (4/(-6))/(-1)*(-51 + 48). Let x be 6*q/(-12)*-11. What is o(x)?
-4
Let c(i) = 53*i**3 - i**2 - 2*i + 2. Let k(w) = -2*w**3 + 2*w**2 - 9*w + 1. Let d be k(0). What is c(d)?
52
Let v = 2069 - 2064. Let s(x) = 2*x**2 + 3*x + 12. Let j be -1*1*42/6. Let b(m) = -3*m**2 - 4*m - 18. Let i(o) = j*s(o) - 5*b(o). Determine i(v).
26
Suppose 3*s - 3*v = 24, 3*v - 26 = -5*s - 2. Let j(y) = y + 19 + 8*y + 3*y - y**2 - 4*y - 16. Determine j(s).
15
Let f = -6 + 16. Let y(o) = -o**2 - 13*o - 30. Let t be y(-4). Suppose 0 = z - f + t. Let v(w) = w**3 - 3*w**2 - 3*w - 1. Give v(z).
3
Let h be (-4016)/(-28) + (-24)/(-42). Let l = h - 150. Let s(y) = -y**3 - 4*y**2 + 7*y + 1. What is s(l)?
31
Let i(f) = -f + 2. Let p be (8/(-24))/((-1)/9). Suppose -5*k + 24 = p*m, 21*m = 5*k + 16*m. What is i(k)?
-1
Let w = 3657/2 + -36569/20. Let z(h) be the second derivative of 7/12*h**4 - 1/3*h**3 - w*h**5 + 28*h + 0 + 4*h**2. What is z(7)?
-6
Let c be 2/(-7) + (-102)/(-14). Let l(o) = -23*o**3 + 19*o**2 + 18*o + 73. Let z(t) = -10*t**3 + 9*t**2 + 9*t + 30. Let q(w) = -3*l(w) + 7*z(w). Determine q(c).
5
Let s = 11956 - 11954. Let a(i) be the first derivative of s*i - 24 + 1/2*i**2. Determine a(2).
4
Suppose -199 = -5*f + c, 0 = -8*f + 4*f + 4*c + 172. Let s(v) = -2*v**2 + 75*v + 105. Give s(f).
-12
Suppose -5*o + 244 = 244. Suppose 0 = -23*n - o*n - 69. Let f(p) = -4*p**2 + p - 4. Give f(n).
-43
Let j(a) = 8*a - 419. Suppose -54*r - 116 = -2924. What is j(r)?
-3
Let a = -91 - -97. Let l be 1*(2 - (-10 - -1)) - 2. Suppose 9*i + l = a*i. Let x(u) = -u - 5. What is x(i)?
-2
Suppose -21*d + 37 + 110 = 0. Let h(w) = 4*w - 2*w**2 - w - 15*w - d + w**2. What is h(-10)?
13
Let t(w) = 9 - 11*w + 15 + 21*w + 3 - 3. Give t(-3).
-6
Let p = 583 + -573. Let n(d) = 12*d + 13 + 6*d**2 + 3*d**2 - p*d**2 + d. Give n(14).
-1
Let h(w) = -101*w + 25 + 39*w + 46*w. Let a(l) = 7*l - 12. Let b(v) = -7*a(v) - 3*h(v). Calculate b(6).
3
Let z(b) = 35*b**3 + 2*b**2 + 267*b + 11. Let n(x) = -12*x**3 - x**2 - 97*x - 4. Let k(o) = -11*n(o) - 4*z(o). Calculate k(-1).
12
Let v = -161 - -161. Suppose 0*t - 4*t + 4 = -4*l, -3*l = 3*t - 21. Suppose v = -l*m + 2 + 1. Let j(x) = -12*x. Determine j(m).
-12
Let t(f) = 4*f - 93. Let j = -2085 + 2113. Calculate t(j).
19
Let l(t) = t**3 - 6*t**2 + 3*t - 3. Suppose 8*v + 7 = -y + 9*v, -5*v = -25. Let q be ((3/(-3))/y)/((-14)/(-84)). Give l(q).
-21
Let n(y) = -3*y + 8. Let s(i) = -i**3 + 14*i + 5. Let h be s(4). Let b be ((-56)/h)/(-7)*(-18)/8. Determine n(b).
-10
Let g(r) = 5*r - 5. Suppose 14*u - 11*u = -3, 2*u + 14 = 3*x. Let s be (8/5)/(x/10). What is g(s)?
15
Let k(f) = -f**3 - 17*f**2 + 3*f - 16. Let p(o) = o**3 + 9*o**2 + 2*o + 1. Let t be p(-9). Let h be k(t). Let s = -71 - h. Let b(z) = 3*z + 3. Give b(s).
-9
Let a(g) = g**2 + 1. Let h = 24 - 22. Let m(q) = -2*q**2 + 5*q**2 - q**3 + q**h - 1 - 3*q**2 - q. Let i be m(0). Calculate a(i).
2
Let l(d) = 12*d**2 - 5*d - 13*d**2 + 2*d - 11*d**2 - 3 + 11*d**2. Let x = -22 + 18. What is l(x)?
-7
Let j(k) = 3*k**2 + 403*k + 130. Let b be j(-134). Let f(r) = 0*r**2 + 6 + 3*r - r**2 + 2*r**2. Determine f(b).
10
Let h(a) = -690 + 21*a**3 + 689 - 129*a**2 + 132*a**2. Give h(-1).
-19
Let o(d) = -d**3 - 4*d**2 - 4*d + 1. Let m = 3 - -14. Let k = 25 - m. Let r be 135/(-36) + (-2)/k. Determine o(r).
17
Let z(u) = -8*u + 45. Let v = -214 - -220. Let y be z(v). Let a(m) = -2*m**2 - 5*m - 3. What is a(y)?
-6
Let n(m) = 0 - 22*m - m**2 + 8*m + 14*m - 2. Let g(r) = r**2 - 9*r + 6. Let h be g(8). What is n(h)?
-6
Let u(p) = -528 + 1743 - 543 + 111*p. Determine u(-6).
6
Let o(r) be the second derivative of 0 + 1/10*r**5 + 0*r**3 + 1/4*r**4 - r**2 + 77*r. Calculate o(-2).
-6
Suppose -863 = -212*g + 409. Let o(k) = k. Let a(c) = -3*c + 9. Let h(z) = -a(z) - 2*o(z). Give h(g).
-3
Let r = 17260 - 17294. Let a(p) = 3*p + 86. Calculate a(r).
-16
Let o(u) = -310*u - 1798. Let a(m) = -152*m - 902. Let y(c) = 7*a(c) - 4*o(c). Give y(-5).
-2
Suppose p - 2*d = 3*d + 5, 2*p + 5*d - 10 = 0. Let j(i) = 146 - 585 + 148 - 2*i + 145 + 144. What is j(p)?
-12
Let p be (9/(-18))/((-7)/252) + -21. Let h(w) be the second derivative of w**3/6 + w**2 + 2*w. Determine h(p).
-1
Let v(c) = -c**3 - c**2 - 2*c - 2. Let u(q) = -q**2 + q - 1. Let a(r) = -2*u(r) - v(r). Let l = -45 + 30. Let j = 12 + l. Determine a(j).
4
Suppose -2*p - 5 = -19*k + 16*k, -3 = -k + 2*p. Let w(b) = 656*b - 656*b - 3*b**3 + k + b**3. Give w(1).
-1
Let n(t) be the second derivative of -t**5/10 - t**3/3 + 3*t**2/2 + 90*t. Suppose -12*s + 19 + 5 = 0. Give n(s).
-17
Suppose -q + 0 = 2. Let s(v) be the first derivative of v**3/3 + v - 18233. Calculate s(q).
5
Suppose -5*s = -a - 10, -5*s = 4*a - 3*a - 20. Let r(b) = -4*b**s - 2 + 2*b + 4*b + 1 - 5*b. Suppose 0 = 10*u - 12*u + 2. Calculate r(u).
-4
Suppose -5*z + 2*c = -46, 6*c + 4*c = -2*z - 68. Let j(f) = f**3 - 9*f**2 + 18*f + 4. Give j(z).
4
Let u(x) = 10*x**2 + 2*x - 2. Let k(c) = -27*c**2 - 7*c + 7. Let w(s) = -3*k(s) - 8*u(s). What is w(2)?
9
Let f(l) = 7*l - 6. Let h be ((8 - 9)*3)/1. Give f(h).
-27
Suppose 6*s + 154 = 220. Let n(o) = -s*o**3 + 2*o**3 - 3*o**2 - 29*o - 5*o**3 + 2*o**2 - 1 + 31*o. Calculate n(1).
-14
Let h(c) = -c. Let g(z) = -z**2 + 30*z + 19. Let t be g(22). Suppose 13*r = 8*r + t. Let q = r + -41. Give h(q).
2
Let n(k) = 14*k + 25. Let m(t) = 14*t + 11. Let x(w) = -3*m(w) + 4*n(w). What is x(-5)?
-3
Let b(h) = -h**2 + 2. Let z be b(1). Let t be -3*35/15 + z. Let a be (-1 - 3)/24 + 17/t. Let c(p) = p**3 + 4*p**2 + 4*p. Give c(a).
-3
Let f(a) be the first derivative of 6*a**2 + 14*a + 19. Let y(v) = 4*v + 5. Let m(t) = 4*f(t) - 11*y(t). Give m(3).
13
Let d(s) = -8*s**2 - 18*s + 19. Let a(k) = 7*k**2 + 21*k - 15. Let j(l) = 6*a(l) + 5*d(l). Calculate j(-18).
5
Let s be (6/7)/((-11)/77). Let l(q) be the third derivative